- 48*d + 12. Determine w(0).
12
Let a(o) = o**3 + 218*o**2 - 21597*o - 816. What is a(74)?
-2
Let x(h) = -5*h**3 - 641*h**2 - 877*h - 14605. Determine x(-127).
0
Let d(q) = 269*q + 19294. What is d(-70)?
464
Let g(s) = 28486*s - 370256. Give g(13).
62
Let m(h) = 7357*h - 1125618. Determine m(153).
3
Let a(s) = s**3 + 11*s**2 - 1115*s - 13331. Calculate a(-12).
-95
Let v(p) = -5*p**2 + 312*p + 7027. Determine v(78).
943
Let w(v) = -28*v**2 + 8214*v - 40370. What is w(5)?
0
Let h(r) = 2*r**3 + 128*r**2 - 3749*r - 32676. Determine h(-84).
0
Let y(z) = -z**3 - 825*z**2 + 4143*z + 33. Give y(5).
-2
Let u(k) = -7158*k - 2161722. What is u(-302)?
-6
Let m(p) = -170*p**2 - 4601*p - 294. Determine m(-27).
3
Let d(y) = y**3 - 154*y**2 + 416*y + 4752. Determine d(151).
-835
Let j(c) = -2173*c + 3969. Give j(2).
-377
Let y(k) = -65*k**3 - 716*k**2 - 85*k - 801. Give y(-11).
13
Let s(v) = -v**3 - 10*v**2 + 63*v + 399. Give s(-12).
-69
Let y(n) = 121*n + 1206. Give y(-13).
-367
Let w(q) = -502*q - 54239. Give w(-108).
-23
Let z(p) = -36*p**2 + 98525*p + 98524. What is z(-1)?
-37
Let s(m) = -4*m**3 + 435*m**2 - 5627*m + 16. Determine s(15).
-14
Let t(s) = 2*s**2 - 467*s + 26860. What is t(131)?
5
Let g(d) = -846*d + 313073. Give g(370).
53
Let v(s) = -2488*s - 39540. Calculate v(-16).
268
Let p(t) = t**2 - 63592*t - 508736. What is p(-8)?
64
Let c(d) = d**2 - 97918*d - 783405. Determine c(-8).
3
Let o(j) = -196*j + 27162. Determine o(136).
506
Let b(n) = 2297*n + 287123. Give b(-125).
-2
Let w(c) = -c**3 + 18*c**2 + 462*c - 5443. Calculate w(10).
-23
Let o(d) = 578*d + 19085. Calculate o(-33).
11
Let u(c) = -14140*c - 1258463. Determine u(-89).
-3
Let u(w) = 44503*w - 890121. Give u(20).
-61
Let t(s) = s**3 + 1060*s**2 + 14568*s - 1060. Calculate t(-14).
4
Let p(x) = -12*x**2 + 4732*x - 47625. Determine p(384).
-9
Let z(n) = -n**3 - 15*n**2 - 165*n - 1103. Calculate z(-9).
-104
Let y(w) = 8327*w - 449697. Calculate y(54).
-39
Let t(a) = -206326*a + 5364444. What is t(26)?
-32
Let s(r) = 6290*r - 138406. Give s(22).
-26
Let l(w) = -47*w**3 - 6443*w**2 - 572*w - 3281. Give l(-137).
7
Let y(g) = -8*g**2 - 244*g - 1305. Determine y(-24).
-57
Let t(z) = 580*z + 92809. Calculate t(-161).
-571
Let c(b) = 179*b**3 + 715*b**2 + 10*b + 24. Calculate c(-4).
-32
Let a(m) = -208*m**2 - 2361*m - 4687. What is a(-2)?
-797
Let k(w) = 54365*w + 706749. Determine k(-13).
4
Let r(s) = -18*s**2 - 77*s - 290. Determine r(-4).
-270
Let y(s) = 8*s**2 + 788*s - 1975. What is y(-101)?
45
Let u(z) = -62919*z + 314585. Calculate u(5).
-10
Let b(p) = -p**3 - 23*p**2 - 97*p + 347. Determine b(-15).
2
Let h(t) = -30*t**3 - 1487*t**2 + 662*t + 614. Determine h(-50).
14
Let a(x) = 2066*x + 37640. Determine a(-19).
-1614
Let o(v) = 45794*v - 228662. Calculate o(5).
308
Let b(n) = n**3 + 74*n**2 + 296*n + 16267. Give b(-73).
-12
Let j(i) = 22229*i - 5357161. Give j(241).
28
Let v(r) = r**3 - 505*r**2 + 2118*r - 57146. Calculate v(501).
-32
Let v(t) = 59*t - 974. What is v(-4)?
-1210
Let u(m) = -22*m**2 - 475*m - 330. Give u(-21).
-57
Let c(w) = 7971*w - 79752. What is c(10)?
-42
Let i(o) = -106*o**2 - 202*o + 52. Calculate i(-2).
32
Let c(u) = -2904*u + 5863. Give c(2).
55
Let b(f) = 276*f**2 - 6*f + 805. Give b(0).
805
Let p(y) = 79*y - 1113. Give p(3).
-876
Let w(n) = 14161156*n + 42483465. Give w(-3).
-3
Let m(w) = -4241*w + 347751. Calculate m(82).
-11
Let c(k) = -2*k**3 + 3*k**2 - 18*k - 65. Give c(-7).
894
Let t(u) = -3*u**3 + 1988*u**2 - 285178*u - 427. Give t(210).
-7
Let g(o) = -136294*o - 3816236. Determine g(-28).
-4
Let c(z) = z**2 - 87*z - 578. What is c(-6)?
-20
Let t(y) = -y**3 + 22*y**2 - 146*y + 363. Determine t(9).
102
Let q(v) = 234*v**2 - 2047*v + 24. Give q(10).
2954
Let l(d) = -d**3 - 31*d**2 - 12104*d - 401606. Calculate l(-33).
4
Let b(f) = -1228*f + 584527. Determine b(476).
-1
Let r(q) = 5671*q**2 - 209816*q - 398. What is r(37)?
9
Let n(f) = 14548*f + 756416. Calculate n(-52).
-80
Let w(f) = -f**2 - 314451*f - 11318941. What is w(-36)?
-1
Let u(z) = 105*z**2 - 1770*z + 891. Determine u(16).
-549
Let u(k) = -6*k**2 + 798*k - 15157. What is u(110)?
23
Let o(r) = 342*r - 12996. Calculate o(37).
-342
Let t(h) = -4118*h - 32947. Give t(-8).
-3
Let y(p) = p**2 - 1137*p + 223677. What is y(253)?
25
Let i(c) = 60094*c - 901629. Determine i(15).
-219
Let y(g) = g**2 - 2291*g - 990646. Calculate y(-372).
-10
Let x(q) = 11*q**2 + 33*q - 17. Calculate x(6).
577
Let n(o) = -3*o**2 - 1760*o - 72639. What is n(-542)?
-11
Let t(a) = -3143*a + 311168. Calculate t(99).
11
Let b(q) = 284274*q - 2842774. Determine b(10).
-34
Let a(r) = -10529*r - 105291. Give a(-10).
-1
Let t(l) = -l**3 + 50*l**2 + 501*l + 1749. Calculate t(59).
-21
Let l(s) = -8301*s - 49901. Calculate l(-6).
-95
Let w(i) = -678*i - 138091. Determine w(-203).
-457
Let y(b) = 10*b**2 + 245*b + 941. Give y(-20).
41
Let u(l) = -5642*l - 34128. Give u(-6).
-276
Let j(p) = -p**3 - 293*p**2 - 652*p + 649. Determine j(-3).
-5
Let k(v) = 2*v**2 + 261*v + 797. Determine k(-3).
32
Let f(t) = -t**3 + 17*t**2 + 121*t - 364. What is f(25)?
-2339
Let b(k) = -9*k**3 - 14*k**2 - 6*k + 11. Give b(-3).
146
Let d(t) = -5246*t - 828863. What is d(-158)?
5
Let u(f) = f**2 + 1670518*f - 8. Calculate u(0).
-8
Let u(p) = -1909241*p + 187105614. Determine u(98).
-4
Let a(i) = 3*i**3 + 50*i**2 + 16*i + 338. Calculate a(-17).
-223
Let r(m) = 5287*m + 1210721. What is r(-229)?
-2
Let y(n) = 54*n**2 - 15736*n + 6392. Give y(291).
-10
Let t(o) = o**2 - 737*o + 60302. Calculate t(94).
-140
Let x(f) = -f**3 + 36*f**2 + 15*f + 1809. Determine x(38).
-509
Let u(y) = -74*y - 936. Give u(-6).
-492
Let x(s) = -32956*s - 32565. Determine x(-1).
391
Let b(w) = -29771*w + 119136. Give b(4).
52
Let u(r) = 32*r**2 - 2867*r + 4457. Give u(88).
-31
Let l(j) = 2*j**3 - 191*j**2 + 143*j - 1598. What is l(95)?
2962
Let m(y) = y**3 - 123*y**2 - 390*y + 1522. Determine m(126).
10
Let n(x) = 3781*x - 1463218. Determine n(387).
29
Let l(g) = 5*g**3 + 77*g**2 + 39*g + 99. Give l(-16).
-1293
Let f(a) = 979*a + 12366. Calculate f(-13).
-361
Let n(g) = -386*g - 27245. Determine n(-70).
-225
Let l(n) = -3*n**2 - 115*n + 1773. Determine l(12).
-39
Let u(f) = -f**2 + 16*f - 27. Give u(-22).
-863
Let l(s) = 2*s**3 + 19*s**2 - 1534*s - 15265. Calculate l(-10).
-25
Let g(j) = -1730*j - 3421. Determine g(-2).
39
Let j(b) = 103*b - 2724. What is j(27)?
57
Let q(u) = -9304*u - 753716. Determine q(-81).
-92
Let l(j) = j**3 - 12*j**2 - 2586*j - 880. What is l(-45)?
65
Let l(n) = 3*n**3 + 58*n**2 + 2300*n + 43352. What is l(-19)?
13
Let r(v) = -20*v**3 + 21202*v**2 + 19098*v + 9. Determine r(1061).
9
Let z(o) = -39*o**3 + 3051*o**2 - 697*o - 320. Determine z(78).
70
Let u(r) = 228*r**3 + 2*r**2 - r - 1. Determine u(1).
228
Let w(b) = -b**2 - 102*b + 13568. Calculate w(-178).
40
Let i(o) = 3*o**2 + 28652*o - 372999. Calculate i(13).
-16
Let s(t) = t**2 + 1155*t - 42861. Give s(36).
15
Let s(v) = -v**3 - 20*v**2 + 1271*v + 35. Determine s(-47).
-59
Let l(z) = -41*z**3 + 411*z**2 + 8*z - 150. Calculate l(10).
30
Let l(m) = 835*m - 30900. Calculate l(37).
-5
Let q(w) = -3*w**2 - 282*w - 901. What is q(-92)?
-349
Let c(m) = -12*m**3 - 548*m**2 + 131*m - 70. Determine c(-46).
2368
Let q(r) = 95*r**2 - 53966*r + 3408. Give q(568).
0
Let f(k) = 7687*k + 69094. Determine f(-9).
-89
Let a(r) = r**2 - 17*r - 85. Determine a(21).
-1
Let f(p) = -964*p - 130942. Determine f(-137).
1126
Let a(l) = -3*l**3 + 82*l**2 - 35*l - 45. Calculate a(27).
-261
Let f(r) = -3512*r - 337243. Determine f(-96).
-91
Let p(v) = -3*v**3 - 133*v**2 - 7331*v - 320635. Give p(-44).
-7
Let h(l) = 659*l + 10406. Calculate h(-16).
-138
Let p(a) = 2740*a - 353454. What is p(129)?
6
Let i(x) = -17*x**2 - 29*x - 151. Calculate i(-10).
-1561
Let f(y) = -170*y - 189. What is f(-1)?
-19
Let c(v) = -2*v**2 - 281*v + 13384. Calculate c(37).
249
Let n(g) = 3*g**3 + 14*g**2 - 12*g + 79. Give n(0).
79
Let n(z) = 2*z**2 + 1953*z + 1959. Calculate n(-1).
8
Let j(p) = 384*p + 2153. Give j(-6).
-151
Let z(g) = 354*g + 167743. Calculate z(-474).
-53
Let q(y) = 177*y + 3890. Calculate q(-21).
173
Let f(z) = -z**2 - 5972*z + 545572. Give f(90).
-8
Let q(x) = -5280*x - 47549. Determine q(-9).
-29
Let j(p) = 62*p**2 + 4955*p - 174. Dete